x be g(2). Calculate a(x).
19
Let u(h) = 60 + 55 - 84*h + 22*h + 42*h + 25*h. Determine u(-25).
-10
Let m(a) = 3 - 2*a + 0*a**3 - 21*a**2 + a**3 + 29 + 12 - 5. What is m(21)?
-3
Let x(c) be the third derivative of 0 + 132*c + 17/60*c**5 - 1/8*c**4 + 1/6*c**3 + 2*c**2. What is x(1)?
15
Let d(b) be the first derivative of -b**3/3 - 8*b**2 - 56*b - 2773. Give d(-11).
-1
Let z = -3 - -5. Let u(q) = -q - 1. Let s(v) = 3*v + 4. Let p(h) = z*s(h) + 9*u(h). Let k be ((-12)/96)/((-54)/(-48) + -2 + 1). Determine p(k).
2
Let t(y) = -y**3 + 4*y**2 - y - 1. Suppose 2*a + 8 = 0, -3*l - 55 = -2*a - 198. Let i(b) = -11*b - 6. Let g be i(-5). Let s = g - l. Calculate t(s).
-5
Let f(x) = -x**3 + 6*x**2 + 3*x - 26. Let z be f(6). Let m(c) = 3*c**2 + c**2 - 5*c**2 - 10*c - 9. Give m(z).
7
Let h be (-2)/75*(-2 + -1) - 759/(-825). Let b(s) = 10*s**3 + s**2 + 2*s - 3. What is b(h)?
10
Let z(m) = m**3 + 5*m**2 - 4*m + 4. Suppose 0 = 24*g - 52*g - 224. Give z(g).
-156
Let p(r) = -7*r - 13. Let x(w) = w**3 - 11*w**2 + 26*w + 8. Let q be x(7). Calculate p(q).
29
Let g(j) = -4*j**3 - 2*j + 2. Let z(f) = -f**3 - 17*f**2 - 6*f - 104. Let p be z(-17). Let l(s) = 66*s + 133. Let a be l(p). Calculate g(a).
-4
Let i(m) = m**3 + m**2 + m + 13. Let v(u) = -u**3 + 30*u**2 + 63*u + 32. Let q be (-468)/(-15) + 8/10. Let w be v(q). Determine i(w).
13
Let t(n) = n**2 - 5*n + 4. Suppose 152*b + 7*b - 795 = 0. Give t(b).
4
Let i(n) = n**3 + 14*n**2 + 12*n - 10. Suppose -39*p = -297 + 804. Give i(p).
3
Let m(h) be the first derivative of h**5/10 + h**4/4 + h**3/3 + h**2 + 73*h + 123. Let f(y) be the first derivative of m(y). Determine f(-2).
-6
Let h(x) = 3*x - 25. Suppose 0 = -49*u + 8*u + 2747. Suppose -7 + u = 6*s. Calculate h(s).
5
Suppose 29*o = 23*o - 96*o - 408. Let f(t) = 6*t. What is f(o)?
-24
Let f(r) be the first derivative of 8*r**2 - 217*r + 6923. Determine f(13).
-9
Suppose 203 - 1278 = -4*d - u, 4*u = -5*d + 1341. Let w = d - 262. Let i(h) = -h**2 + 7*h + 5. Determine i(w).
5
Let w(p) = -5*p**2 - 137*p - 52. Let t = 764 - 791. What is w(t)?
2
Let i(z) = 2*z**2 - 2*z + 1. Let n(t) = 5*t**2 - 7*t + 36. Let c(d) = -3*i(d) + n(d). Let u be c(5). Let h(f) = 5*f**2 - 5*f + 3. Calculate h(u).
33
Let d(l) = -6*l**3 + 2*l + 4. Let i be d(-2). Suppose -5*w + 13*w = i. Let v(o) = o**3 - 7*o**2 + 3*o - 4. Determine v(w).
-22
Let m(y) = -32*y + 4004. Let h be m(126). Let z(j) = -j**2 - 28*j - 20. Calculate z(h).
-20
Suppose 486*n - 493*n + 49 = 0. Let g(h) = -h - h + n*h - 3*h - 2. Determine g(5).
8
Let z be 6/(-10) - 1204/(-140). Suppose -75 = -z*n - 115. Let p(s) = -s + 9. Let u(r) = -r - 1. Let g(o) = -p(o) + 2*u(o). Give g(n).
-6
Let p(o) = -o**2 - 8*o - 1. Let c = 4 + -9. Let a be (3 + c - -1)*6. Let z be (a - -12)/(2/(-3)). Calculate p(z).
-10
Let z(l) be the third derivative of -l**6/120 - l**5/20 - l**4/4 - 3*l**3 - 2*l**2 - 2267. Give z(-5).
62
Let h be (-6)/10 - 4959/285. Let p(y) = -y**3 - 17*y**2 + 15*y - 51. Let m be p(h). Let q(v) = -v**2 + 22*v + v**3 + 19*v - 45*v. What is q(m)?
6
Let b(i) be the second derivative of i**5/20 - i**4/12 - i**3/6 + 7*i**2 - 2*i + 18. Let w = 22 + -40. Let o = w - -18. What is b(o)?
14
Let z = 7170 - 7184. Let h(d) = -d**3 - 13*d**2 + 12*d. Calculate h(z).
28
Let m(d) = 3*d**3 - 5*d**2 - d - 9. Let q be m(3). Let l(p) = p**3 + 4*p**3 - p - 4*p**3 - 17*p**2 + 49*p**2 - 4 - q*p**2. Determine l(-8).
4
Let r be 6 - 1 - 2 - 2. Let y = -6 - r. Let p(x) be the third derivative of x**4/24 + 4*x**3/3 - 105*x**2 + 14*x. What is p(y)?
1
Let k = -1457 - -1450. Let d(a) = a + 9. Calculate d(k).
2
Suppose 6*z = z - 3*t + 21, -2*t + 10 = 2*z. Let x(m) = -7*m**2 + 0*m**2 - 1 + m**3 - z + 3 + 7*m. Let w = 9 - 3. Calculate x(w).
5
Let a = -403 + 408. Let t(n) = 3*n - 2. Let r(h) = 7*h - 3. Let k(m) = a*t(m) - 3*r(m). Give k(-2).
11
Suppose 8*m - 9 + 41 = 0. Let h(a) = a**3 - 5*a**2 - 32*a + 7. Let s be h(m). Let b(d) = -d**3 - 9*d**2 - d + 2. What is b(s)?
11
Suppose 0 = -5*k - 4*i + 49, -k + i + 25 - 8 = 0. Suppose -7*y + k*y = 12. Let u(d) = -8*d - 1. Give u(y).
-17
Let x(q) = -q**2 + 25*q - 63. Let o be x(22). Let f be (3 - 50)/((-1)/o). Let m = f - 147. Let s(l) = l**3 + 7*l**2 + 6*l + 6. Give s(m).
6
Let i(g) = 7*g - 6*g - 34 - 2*g**2 + g**2 + 5 - 14*g. Calculate i(-5).
11
Let v = 32 + -29. Let b(c) = -7*c**v - 4 + 4*c**2 + 8*c**3 - 4*c - c**2. Let w = -23 + 19. What is b(w)?
-4
Suppose -2*z = -971 - 283. Let a(y) = 628*y + 6 + 1 - z*y. What is a(-9)?
-2
Let y(q) = -6895 - 14*q**2 + 7*q + 6895 - 3*q. Give y(1).
-10
Let b = -19 + 21. Let o(v) = 12 + 27 - v**b - 27 + 9*v. Let f = -2 + 11. What is o(f)?
12
Let p(b) = -b**2 - 7*b - 1. Suppose 32 = 3*o + 8. Let y be (-20)/2 - (o - 9 - 2). Give p(y).
-1
Let o = 6 - 12. Let j = o + 3. Let g be (3 - 7 - j) + 2. Let x(r) = -13*r + 1. Calculate x(g).
-12
Let d(a) = 23*a**3 - 12*a**2 - 42*a - 212. Let c(n) = -3*n**3 + 2*n**2 + 6*n + 30. Let u(s) = -15*c(s) - 2*d(s). Give u(-6).
10
Let g(z) be the third derivative of -1/8*z**4 + 8/3*z**3 - 83*z**2 + 0*z + 0. Calculate g(12).
-20
Let h = -3 + 0. Let b(f) be the first derivative of f**5/60 - f**4/12 + f**3/3 + 17*f + 72. Let p(i) be the third derivative of b(i). Give p(h).
-8
Let d(b) be the second derivative of 1/24*b**4 - 1/60*b**5 - 7/2*b**2 + 2/3*b**3 + 0 + 30*b. Let s(z) be the first derivative of d(z). What is s(-3)?
-8
Let u(k) = k - 8. Let j be ((-1)/1)/(-2 - (-195)/100). Suppose 63*q = 61*q + j. Give u(q).
2
Let o(r) = 2*r**3 + r**2 - r + 2. Suppose 5*d + 17 = -13. Let p be 16/d - (-54)/81. Calculate o(p).
-8
Suppose v = 11*v - 400. Let l = -41 + v. Let x(s) = 12*s**2 + s + 1. Determine x(l).
12
Let y(h) = -3*h + 58. Let c be y(10). Let q(v) = 2*v**2 + 16 + 8*v - 3*v**2 + 13 - c. Determine q(6).
13
Let w(g) = g + 12. Let q be w(-6). Let v(i) = 12*i + 7 + q - 11*i. Suppose -1190 = h - 1184. Give v(h).
7
Let a(o) be the first derivative of -3*o**4/4 + 2*o**3/3 - 3*o**2/2 + o - 2. Suppose 6*h + 8*h - 210 = 0. Let u be ((-3)/(-2))/(h/20). Give a(u).
-21
Let y be (2 - -3) + 35/(-5) + 2. Suppose 9*h = 4*h + 3*j, 4*h + 2*j - 22 = y. Let l(s) = -s**2 + 2*s - 2. Give l(h).
-5
Let q(y) be the third derivative of 8/3*y**3 + 1/120*y**5 + 0*y - 1/180*y**6 + 0*y**4 + 0 - 15*y**2. Let b(r) be the first derivative of q(r). Give b(-3).
-21
Let j = 3489 - 3476. Let b(h) = 2*h**3 + 6*h**2 + 6*h**2 - 3*h**3 + 8 - 25 + 14*h. Determine b(j).
-4
Let z(b) = -29*b**2 - 4 + 3 + 32*b**2 - 3 - 10*b. Let u be 69/24 + (4 + 3)/56. Calculate z(u).
-7
Let n(j) = -32*j**2 - 18 - 25*j**2 + 88*j**2 + 20*j - 30*j**2 - 6. Give n(-21).
-3
Let v(l) = -10*l**2 - 6*l - 3. Suppose 8*a = -a - 36. Let d(h) = -h**2 - h. Let t(y) = a*d(y) + v(y). Give t(-2).
-23
Let d(z) = 6*z**3 + 191*z**2 - 34*z - 56. Let u be d(-32). Let j(v) = -3*v - 27. Let p(i) = 2*i + 14. Let b(h) = -3*j(h) - 5*p(h). Determine b(u).
3
Suppose 0 = 15*z - 10*z - 455. Let d(q) = 278*q**3 + 4*q - 2*q**2 - z*q**3 + 1 - 97*q**3 - 91*q**3. Calculate d(-4).
17
Let s(j) = 17*j**2 + 13*j**3 - 3*j - 9*j**3 + 4*j**3 + 4*j - 9*j**3. What is s(17)?
17
Let q = 168 + -251. Let x = q + 80. Let l(c) = -c**2 - c. Determine l(x).
-6
Let f = 1 + -1. Let m(g) = 0*g - 2*g - g**3 + 1 - 5 + 3. Let l(x) = -3*x**3 - 5*x - 14. Let u(s) = -l(s) + 2*m(s). Determine u(f).
12
Suppose 5*p - 37 = 3*x, 478 = -4*x - 3*p + 448. Let m(s) = s + 30. Determine m(x).
21
Let i(s) be the third derivative of -15*s**4/8 - 85*s**3/2 - 13249*s**2. Calculate i(-6).
15
Let f(r) = -r. Suppose -65 = -5*a - 2*l, 4*a + 8*l - 52 = 3*l. Suppose a = 9*g - 113. Suppose -2*m = -g - 0. Calculate f(m).
-7
Let w(m) = m**3 - 2*m + 1. Let z be 92/22 + (-236)/1298. Let p = -9 - -14. Suppose 0 = 4*y + z*h, 0 = -3*y + 4*h - 9 - p. Give w(y).
-3
Let q(k) = -33*k**2 + 12*k - 37. Let w(b) = 52*b**2 - 18*b + 56. Let u(h) = -11*q(h) - 7*w(h). Give u(10).
-145
Let a(x) = x**3 - 5*x**2 - 15*x + 23. Let o(s) = -s**3 + 5*s**2 + 14*s - 23. Let f(p) = -4*a(p) - 5*o(p). Let y = 310 + -304. Determine f(y).
-1
Suppose -3*l = 3 - 36. Let g(k) = 13 - 33 - k**2 + 4 + l - 8*k. Give g(-5).
10
Let m(y) = 4*y**3 - 156*y**2 + 270*y + 239. Let u(c) = -c**3 + 39*c**2 - 68*c - 62. Let o(d) = -2*m(d) - 9*u(d). What is o(37)?
6
Let d(n) = 15*n - 2. Suppose t = 5, 0 = -17*m + 21*m + t - 9. What is d(m)?
13
Let l(p) be